 is (13 - (96 - 97 - (2 - (2 + 10)))) + 11?
15
Calculate (-13 - 5) + 9 - (-6 - -8 - -7).
-18
Evaluate 33 - (35 + 1 + -9) - (-2 - -52 - -2).
-46
What is the value of -8 - 39 - -72 - -16?
41
-3 + (12 + -6 - (2 + -62)) + (-36 - -34)
61
What is 45 - (-21 - -30 - (0 + -3 + 6 + -3))?
36
Evaluate (15 - (-29 + 8 + 41)) + -13 + 1.
-17
What is the value of 0 + -65 + (-55 - -108) + -46?
-58
What is the value of (-3 - (9 + 2 - 5) - 23) + 2?
-30
What is -1 - (14 - 4) - -3 - (-5 + (-1 - -154))?
-156
-3 + (1 - 25) + (-3 + 9 + 1 - 9)
-29
Calculate -22 - (44 - (25 + 111 - 33)).
37
Calculate (28 + -36 - -14) + 23 + -3.
26
(2 - -11) + -4 + 2 + -26 - -9 - -8
2
Calculate 61 - (32 + (-38 + 66 - 62)).
63
Calculate 49 + -33 + -57 + 61.
20
Calculate -9 - (46 + (0 - ((-10 + 17 - -4) + -4))).
-48
Calculate 8 + 35 + -31 + 26.
38
Evaluate -14 + (2 - 17) + 31 + 37.
39
What is 14 + (-3 + -12 - (-25 - -41))?
-17
What is (-28 - -41) + (-6 - 15) + (99 - -3)?
94
Calculate -46 + (27 + 23 - 18).
-14
What is (3 - 0) + -15 - (52 - 40 - 40)?
16
Evaluate -6 - (-2 + 1 + -33 - (19 - (-29 - -43))).
33
What is the value of (51 - -10) + -63 - -60?
58
What is 62 - 18 - -89 - 30?
103
What is (22 - 73) + (-4 - 5) + 22?
-38
Calculate (14 - (-15 - -32)) + 11 + -35.
-27
What is the value of 49 - (-43 + (180 - 58))?
-30
Evaluate 1 + 33 + (-88 - -7) + 71.
24
Evaluate 49 + (34 - 48) + -31 + (0 - -66).
70
Calculate -7 - -90 - (-80 + 128).
35
What is the value of 17 + (345 - 375) + (14 - 2) + -11?
-12
Evaluate 3 + 1 + 1396 + -1353.
47
Evaluate (1 - 76) + -28 + (99 - 27).
-31
What is the value of 2 + -4 - (38 - 38) - -36?
34
Calculate 0 + 16 + -89 + (186 - 109).
4
What is 56 - (10 + -3 + -3 + -16 + (4 - -13))?
51
(-2239 - -2243) + (29 - 1) - 96
-64
What is the value of (-2 - (-3 + -21)) + (14 - 43) + 38?
31
Evaluate -7 + 10 - -4 - (-7 - -15).
-1
Evaluate 60 + (18 - 30) + (1 - 17).
32
What is 5 - (-25 - -42) - (0 + (-1 - 29))?
18
(-159 - -47) + (-2 - -7 - 3 - 2)
-112
Evaluate 214 + -46 + 87 + -151.
104
Evaluate 17 + -1 + 77 + -47.
46
Calculate -2 + -1 + (8 + -17 + 87 - (0 - -3)).
72
19 + (29 - 75) + 27 + (-3 - -1 - 12)
-14
What is 110 - (-3 + 4) - (-21 + 3 + 26)?
101
Calculate (138 - 29) + -91 + 0 + 78 + -2.
94
Evaluate -4 - (4 + (-11 - (2 - 7))) - (-78 + -12).
88
Calculate 4 - (-44 - (-44 - 13)).
-9
What is the value of 2983 + -3059 - (-53 - 0)?
-23
What is the value of (-120 - -6 - -63) + 29?
-22
What is -56 - (-38 - (-27 - -35))?
-10
What is the value of 104 - 1 - 105 - (-1 + 2 - -47)?
-50
What is -3 + 66 + -680 + 637?
20
Evaluate -6715 + 6618 + (57 - -1).
-39
What is the value of (-2 - -9 - (-17 + 24)) + 28 + 51?
79
Calculate (-8 - -5) + 45 + (5 - 8) + -10.
29
What is -37 + 98 + -31 + -11 - (-18 + -2)?
39
Calculate 1 - -30 - (-623 - -672).
-18
What is 0 + 47 - ((-1 - (3 - -12)) + (-216 - -232))?
47
What is the value of -1 - -12 - (-18 + 0 + 1 - (631 - 644))?
15
What is -53 + 2 - (-19 - (-10 + 16 + -8 - 25))?
-59
Calculate -25 - (2 - 5) - 55 - (1 - 19).
-59
Calculate 65 - ((59 - -26) + -6).
-14
What is the value of -35 + -33 + (-10 - -13)?
-65
Evaluate -1 - (1 + -13 - ((5 - 6) + -20)).
-10
Evaluate 0 + 23 + (34 - 83 - -5) + 39.
18
Calculate 7 + 22 - ((-6 - -15) + 84).
-64
What is the value of -3 + (-19 - (36 + -96)) + -64?
-26
Calculate 159 - 125 - (-3 - -3 - -7).
27
Evaluate (-172 - -145 - (-46 + -10)) + -8 + 0.
21
What is the value of (47 - 1) + -30 - -8?
24
What is (-23 - (-1 - (-5 + 9))) + -3 + (1 - -4)?
-16
Evaluate 120 + (-18 - (-4 - -18 - 18)) + -3.
103
Calculate -57 - (76 + -95 + -11).
-27
Calculate 4 + (-6 - (21 + -22)) + 0 + 5.
4
(-33 - (28 - 59)) + (-36 + -2 - (2 + 1))
-43
Calculate 12 + 14 - (-21 - (19 - 19)).
47
What is 17 + -15 + (26 + -20 - 15) + (-2 - -18)?
9
-85 + -16 + 15 + 59
-27
-2 + (62 - -1) + 1 - (-27591 + 27582)
71
Evaluate (5 - 1) + -22 + 7 + 7 - (-5 + -38).
39
Calculate (19 - ((-23 - -36) + 4)) + 0 + -2 + 8.
8
What is -185 + 75 - (59 + -200)?
31
What is the value of 49 + 15 - (-3 - -6 - (-15 - (-12 + -4)))?
62
-26 + 42 + -34 + 10 + -1
-9
What is the value of ((-1 - -4) + 26 + -27 + 2 - -4) + 13?
21
What is the value of -1 + -19 + (6 - -37) - -2?
25
10 - ((-1 + -5 - (-40 - -5 - -30)) + 52)
-41
10 + (-7 + -1 - (-4 + -2 + 18)) + 10
0
Evaluate 1 - 17 - 18 - (65 + -21).
-78
What is the value of 7 + 51 + (4 - 2) - (28 + (-28 - -9))?
51
Evaluate -43 - (9 + -57) - 69.
-64
Evaluate (1 - 22 - (191 - 212)) + 24.
24
What is the value of -11 - -8 - -23 - -3 - 1?
22
Evaluate 99 + -90 + (-31 - -2) + -12.
-32
What is the value of (61 - 42) + 73 + -55?
37
What is 6 - ((68 - 58) + -25)?
21
71 - (146 + -77 + 90)
-88
(1 - 33) + -175 + -45 + 158
-94
What is the value of -4 + (0 - -13) - (9 + -47 + -7 + 1)?
53
(51 - (1 + -2)) + (-21 - (-50 + 27)) + 1
55
What is the value of (-15 - 0) + (-49 - -107) - (18 - 5)?
30
What is (1 + -11 - 0) + -3 + 2 + 2 - 0?
-9
What is the value of 54 + 0 + -41 - (1 - (-1 + 4))?
15
(-4 - 59) + 46 + (0 - 18)
-35
(-4 - 138) + 3 + 241
102
Evaluate (-14 - (-5 - 18)) + 21 - 13.
17
What is the value of -9 + 12 + 3 - (0 + 8 - -7 - 8)?
-1
What is the value of (-80 - 5 - -2) + (17 - (-22 - (-63 + 15)))?
-92
What is -23 - (-4 + 5) - (0 + -12) - (-1 - -2)?
-13
Evaluate -49 - (-6 - (43 - 51)).
-51
Calculate 11 - (24 - 6 - (1 + 5)) - (-31 + -12).
42
What is (-19 - -27) + (0 - 3 - 4) + 14 + -34?
-19
What is the value of -43 + (6 + -9 + 6 - (-10 + 19))?
-49
What is the value of -5 + 4 - (-14 - 1) - -12?
26
Evaluate 9 + (17 - -8) - (-23 + 40).
17
37 + (-22 - (-26 - (16 - 42)))
15
Evaluate 53 + -51 - -9 - (2 + -57).
66
What is 33 + (-7 - 5) + -6 + -13 + 25?
27
Calculate -45 - (-66 - -7) - 0.
14
Evaluate -169 + 120 + 12 + -12 + (1 - 0).
-48
-2 + -47 - (-1 - -24 - 31)
-41
Calculate 69 - (63 + -6 - -38).
-26
Calculate -85 - (-17 + -8) - -36.
-24
What is the value of (-16 + (-6 - -7) - -4) + 2 + -3 - 59?
-71
What is the value of -43 - (-67 + (-27 - -64)) - (-8 + 0)?
-5
44 - (2 + -5 + 12 + (-20 + 6 - -11))
38
Calculate -39 - (-3 + 0 + (12 + 21 - 9 - 14)).
-46
Calculate 15 - 135 - (1 - (20 + (-38 - -8))).
-131
Calculate -14 - (-13 - -11 - -13 - 51) - -8.
34
1913 + -1931 - (-29 + -2 - 2) - 21
-6
What is the value of (-28 - -13 - -25 - 12) + 16?
14
What is the value of 36 + 106 + -147 + (42 - (-1 - 0))?
38
Calculate -19 + (5 + -7 - (0 - 14)) + -6.
-13
Calculate (-1 - (3 - -91)) + -7 - -31.
-71
Evaluate (4 + -27 - (-41 - -7)) + -5 + -3.
3
What is the value of -54 + (-48 + -43 - -55)?
-90
Calculate 7 + 56 + -59 + 0 + 2 + -4 + -6.
-4
What is the value of -5 - ((8 - 14 - 4) + -11) - 82?
-66
43 - (141 + (-111 - -60))
-47
Evaluate (-27 - (16 + (0 - (11 - -26)))) + -26 + -4.
-36
Calculate 48 + -3 + (-19 - (-23 - -10)).
39
Evaluate -8 + -22 + 12 + -18 + -4.
-40
What is the value of 3 - (6 + 11 + -23 - 12) - -10?
31
What is the value of -8 + (15 - (0 + -1)) + -101 + (-3 - -4)?
-92
What is the value of -10 + -44 + -7 + 54?
-7
Evaluate (-1 - (15 + 108)) + -11 + 23 + -14.
-126
-125 + 136 + (-1 - -3 - 84) - -15
-56
Calculate -48 - (-51 + 6) - (1 - (2 + 1)).
-1
What is the value of (-7 - 2) + 12 + -8 + -1 - (6 - 0)?
-12
What is 16 + -30 + 19 - (3 + 0 - 19)?
21
What is the value of 0 + 2 + 4 + (-71 - 19) + 27 + -19?
-76
Evaluate 2 + -5 + 16 + -62 + 100.
51
What is 89 + (10 - 28 - -13) + -27?
57
What is the value of -14 + -4 + (-23 + 0 - (-31 - 47))?
37
Calculate -179 - -139 - (-130 - -34).
56
Calculate -14 - (80 + -64 - (1 + -1 - 1)).
-31
What is (10 - -17) + 4 - (16 - -7)?
8
Evaluate -70 + 91 + -68 + 21 + 34.
8
What is the value of 27 - (-47 + -6 + 87)?
-7
Calculate -1460 + 1474 - (2 + -47).
59
What is -634 + 648 - (4 + 15 + 0)?
-5
What is the value of 8 + (46 - ((-1 - 9) + 16 - 6)) + 10?
64
Calculate 25 - (25 + 34 + -56) - -7.
29
What is (-10 - 1) + -160 + -51 + (72 - -27)?
-123
Evaluate 10 + (1 + 1 + -4 - (-21 + 24)).
5
27 + -5 + 17 + -36 + -34
-31
What is -403 + 400 - (-3 - 38)?
38
Calculate 43 - 20 - (14 + (6 - 22)).
25
Calculate (-9 + -55 - (-7 - 9)) + 19.
-29
Evaluate 17 + -1 + -92 + 135 + -19.
40
What is the value of -82 - 0 - (11 - (-28 + 49 + 8))?
-64
Evaluate 148 - 1 - ((-103 - -92) + 48).
110
(-195 - -122) + -10 + (59 - 21)
-45
Evaluate -11 - ((55 + 10 + -12 - -6) + -9 + 11).
-72
What is the value of -2 + -71 - (-98 + 8)?
17
What is 4 - -1 - (37 - (-77 + 79))?
-30
What is the value of -17 